 is the billions digit of 3583301083?
3
What is the millions digit of 379163588?
9
What is the units digit of 132570911?
1
What is the ten thousands digit of 46106805?
0
What is the hundreds digit of 25759929?
9
What is the thousands digit of 338105128?
5
What is the ten thousands digit of 1808831953?
3
What is the thousands digit of 2097534624?
4
What is the hundreds digit of 1555603263?
2
What is the hundred thousands digit of 118573324?
5
What is the units digit of 189016533?
3
What is the hundreds digit of 2433290460?
4
What is the tens digit of 2006507712?
1
What is the units digit of 892167208?
8
What is the millions digit of 676876446?
6
What is the millions digit of 1563643588?
3
What is the hundreds digit of 523450649?
6
What is the units digit of 402154676?
6
What is the thousands digit of 33427400?
7
What is the ten millions digit of 815492117?
1
What is the hundred millions digit of 775493610?
7
What is the thousands digit of 132701432?
1
What is the billions digit of 3709307028?
3
What is the thousands digit of 29139207?
9
What is the hundred thousands digit of 522197368?
1
What is the thousands digit of 27481648?
1
What is the ten thousands digit of 2510715848?
1
What is the thousands digit of 1909588077?
8
What is the thousands digit of 51467847?
7
What is the ten millions digit of 2919843137?
1
What is the ten thousands digit of 818163937?
6
What is the tens digit of 235010659?
5
What is the ten millions digit of 44976833?
4
What is the hundred millions digit of 321676564?
3
What is the hundreds digit of 19060846?
8
What is the hundreds digit of 1132231357?
3
What is the ten millions digit of 2737147938?
3
What is the thousands digit of 7834523625?
3
What is the units digit of 2343764392?
2
What is the tens digit of 235240774?
7
What is the tens digit of 675381137?
3
What is the millions digit of 91463767?
1
What is the ten thousands digit of 513501932?
0
What is the hundred millions digit of 2235762308?
2
What is the units digit of 29367109?
9
What is the units digit of 633945819?
9
What is the billions digit of 1986169537?
1
What is the tens digit of 65292284?
8
What is the ten millions digit of 3720016748?
2
What is the tens digit of 449906311?
1
What is the ten thousands digit of 18229485?
2
What is the millions digit of 7618149?
7
What is the hundred thousands digit of 862810726?
8
What is the hundreds digit of 61083723?
7
What is the tens digit of 2078108430?
3
What is the thousands digit of 730897785?
7
What is the billions digit of 3357865622?
3
What is the hundreds digit of 26696372?
3
What is the thousands digit of 159065492?
5
What is the hundred thousands digit of 366117350?
1
What is the hundred thousands digit of 3914254621?
2
What is the millions digit of 45799975?
5
What is the thousands digit of 105931134?
1
What is the units digit of 47289206?
6
What is the millions digit of 3243601879?
3
What is the units digit of 206325354?
4
What is the units digit of 87137307?
7
What is the hundred millions digit of 429992048?
4
What is the hundred thousands digit of 1478451619?
4
What is the thousands digit of 4572462485?
2
What is the billions digit of 2251592514?
2
What is the ten thousands digit of 135959907?
5
What is the tens digit of 92776076?
7
What is the thousands digit of 61869316?
9
What is the hundred thousands digit of 34198503?
1
What is the tens digit of 53194930?
3
What is the ten thousands digit of 231103097?
0
What is the millions digit of 3977396725?
7
What is the tens digit of 475999638?
3
What is the millions digit of 37455296?
7
What is the ten millions digit of 191573096?
9
What is the millions digit of 209448506?
9
What is the tens digit of 55996037?
3
What is the ten millions digit of 12951373?
1
What is the ten thousands digit of 529179154?
7
What is the hundred millions digit of 396825308?
3
What is the millions digit of 212371450?
2
What is the hundred millions digit of 1113402686?
1
What is the tens digit of 487433980?
8
What is the thousands digit of 133675659?
5
What is the hundred millions digit of 189647690?
1
What is the hundred thousands digit of 541918197?
9
What is the thousands digit of 445516786?
6
What is the ten millions digit of 57871758?
5
What is the ten thousands digit of 86784779?
8
What is the thousands digit of 170801225?
1
What is the ten thousands digit of 1024722900?
2
What is the hundred millions digit of 417455743?
4
What is the thousands digit of 32761074?
1
What is the units digit of 22155098?
8
What is the ten thousands digit of 140512544?
1
What is the hundred thousands digit of 298951802?
9
What is the hundreds digit of 251645171?
1
What is the ten millions digit of 281671686?
8
What is the hundred thousands digit of 56695300?
6
What is the ten thousands digit of 17254792?
5
What is the ten thousands digit of 308039774?
3
What is the hundreds digit of 272829656?
6
What is the hundred millions digit of 1097088159?
0
What is the ten millions digit of 725335332?
2
What is the hundred millions digit of 1622142487?
6
What is the hundred millions digit of 2759428350?
7
What is the millions digit of 115450245?
5
What is the units digit of 711445450?
0
What is the millions digit of 172793005?
2
What is the ten millions digit of 1031128295?
3
What is the tens digit of 91800149?
4
What is the tens digit of 272590171?
7
What is the units digit of 5292529?
9
What is the units digit of 393003031?
1
What is the thousands digit of 205978105?
8
What is the units digit of 3643496?
6
What is the ten thousands digit of 2177807990?
0
What is the units digit of 3037183996?
6
What is the millions digit of 3304735?
3
What is the units digit of 201626710?
0
What is the millions digit of 2456846830?
6
What is the units digit of 1603214042?
2
What is the thousands digit of 5296206?
6
What is the tens digit of 42193251?
5
What is the tens digit of 138769353?
5
What is the hundred thousands digit of 14675065?
6
What is the billions digit of 7470650766?
7
What is the hundred thousands digit of 27202954?
2
What is the hundreds digit of 18899778?
7
What is the ten thousands digit of 578911461?
1
What is the ten thousands digit of 2075559?
7
What is the millions digit of 4076434710?
6
What is the hundreds digit of 1350172847?
8
What is the ten millions digit of 1248959860?
4
What is the hundred thousands digit of 9019782235?
7
What is the tens digit of 169993719?
1
What is the hundred millions digit of 588566678?
5
What is the hundred thousands digit of 1283370610?
3
What is the ten millions digit of 190974421?
9
What is the ten thousands digit of 262793106?
9
What is the thousands digit of 172014389?
4
What is the units digit of 2317219440?
0
What is the tens digit of 1483233872?
7
What is the ten thousands digit of 804955106?
5
What is the ten thousands digit of 252155424?
5
What is the millions digit of 591634004?
1
What is the ten millions digit of 1540114893?
4
What is the millions digit of 222607983?
2
What is the thousands digit of 108310256?
0
What is the billions digit of 1166277459?
1
What is the ten millions digit of 87625683?
8
What is the units digit of 53514325?
5
What is the ten millions digit of 2393251548?
9
What is the millions digit of 52907419?
2
What is the millions digit of 43396703?
3
What is the thousands digit of 79189172?
9
What is the hundreds digit of 255436212?
2
What is the thousands digit of 527878377?
8
What is the ten thousands digit of 14928559?
2
What is the ten millions digit of 432933560?
3
What is the tens digit of 87711400?
0
What is the ten thousands digit of 66341071?
4
What is the hundred millions digit of 3766194498?
7
What is the millions digit of 5174755272?
4
What is the hundred thousands digit of 13936390?
9
What is the millions digit of 47759966?
7
What is the tens digit of 197984728?
2
What is the millions digit of 100732181?
0
What is the ten millions digit of 432817691?
3
What is the hundred millions digit of 371656464?
3
What is the tens digit of 136068356?
5
What is the thousands digit of 1326595720?
5
What is the ten thousands digit of 342302453?
0
What is the units digit of 790493070?
0
What is the hundreds digit of 194329521?
5
What is the tens digit of 517765554?
5
What is the hundred thousands digit of 1007869948?
8
What is the hundre